{"id":484,"date":"2025-10-26T14:50:49","date_gmt":"2025-10-26T14:50:49","guid":{"rendered":"https:\/\/officemanager.se\/?post_type=product&#038;p=484"},"modified":"2026-01-27T13:46:14","modified_gmt":"2026-01-27T13:46:14","slug":"5-fliksmapp-med-fargade-etiketter","status":"publish","type":"product","link":"https:\/\/staging-d260211.officemanager.se\/index.php\/produkt\/5-fliksmapp-med-fargade-etiketter\/","title":{"rendered":"Premium 5-Fliksmapp med f\u00e4rgade etiketter"},"content":{"rendered":"<p>Genomskinlig plastmapp i A4 format med 5 flikar <span data-sheets-root=\"1\">underl\u00e4ttar hantering och sortering. <\/span>Insticksetiketter <span data-sheets-root=\"1\">i olika f\u00e4rger; vit, r\u00f6d, bl\u00e5, gr\u00f6n, gul till framsidan ing\u00e5r. H\u00e5ll ordning p\u00e5 flera dokument i samma mapp.\u00a0<\/span><\/p>\n","protected":false},"excerpt":{"rendered":"<p>Plastmapp med 5 flikar<\/p>\n","protected":false},"featured_media":541,"comment_status":"open","ping_status":"closed","template":"","meta":[],"product_brand":[],"product_cat":[33,17],"product_tag":[18],"class_list":{"0":"post-484","1":"product","2":"type-product","3":"status-publish","4":"has-post-thumbnail","6":"product_cat-for-skola-forskola","7":"product_cat-mappar","8":"product_tag-plastmapp","10":"first","11":"instock","12":"taxable","13":"shipping-taxable","14":"product-type-simple"},"jetpack_sharing_enabled":true,"_links":{"self":[{"href":"https:\/\/staging-d260211.officemanager.se\/index.php\/wp-json\/wp\/v2\/product\/484","targetHints":{"allow":["GET"]}}],"collection":[{"href":"https:\/\/staging-d260211.officemanager.se\/index.php\/wp-json\/wp\/v2\/product"}],"about":[{"href":"https:\/\/staging-d260211.officemanager.se\/index.php\/wp-json\/wp\/v2\/types\/product"}],"replies":[{"embeddable":true,"href":"https:\/\/staging-d260211.officemanager.se\/index.php\/wp-json\/wp\/v2\/comments?post=484"}],"wp:featuredmedia":[{"embeddable":true,"href":"https:\/\/staging-d260211.officemanager.se\/index.php\/wp-json\/wp\/v2\/media\/541"}],"wp:attachment":[{"href":"https:\/\/staging-d260211.officemanager.se\/index.php\/wp-json\/wp\/v2\/media?parent=484"}],"wp:term":[{"taxonomy":"product_brand","embeddable":true,"href":"https:\/\/staging-d260211.officemanager.se\/index.php\/wp-json\/wp\/v2\/product_brand?post=484"},{"taxonomy":"product_cat","embeddable":true,"href":"https:\/\/staging-d260211.officemanager.se\/index.php\/wp-json\/wp\/v2\/product_cat?post=484"},{"taxonomy":"product_tag","embeddable":true,"href":"https:\/\/staging-d260211.officemanager.se\/index.php\/wp-json\/wp\/v2\/product_tag?post=484"}],"curies":[{"name":"wp","href":"https:\/\/api.w.org\/{rel}","templated":true}]}}